 = 2*u**2 + 2*u. Let b(q) = -q**3 - 2*q**2 - 3*q. Let h(k) = a*b(k) - 4*c(k). Calculate h(s).
2
Let t(c) = c**3 + 5*c**2. Let v(h) = h - 8. Let x be v(3). Give t(x).
0
Let b = 0 + -10. Let w = b - -15. Let x(z) = 3*z**2 - 5*z - 2. Let m(l) = -10*l**2 + 15*l + 5. Let r(h) = 2*m(h) + 7*x(h). Give r(w).
-4
Suppose -s = -4*o + 19, 5*s - o = 3*o - 15. Let u be (-3 + s)/(-2) + 3. Suppose -g - l = 1, -u*g = 4*l + l + 7. Let f(c) = c - 2. Give f(g).
0
Let d(y) = y - 3. Let r(m) = -1 + 1 - 2 + 8*m - m**2. Suppose -5*t - 4*v - 15 = -62, 19 = 4*t - 3*v. Let x be r(t). What is d(x)?
2
Let a be (1 - 0) + (0 - -1). Suppose -3*d - 25 = a*d. Let c(i) = -i**3 - 4*i**2 + 6*i + 3. Calculate c(d).
-2
Let p be (1 + 0)/((-1)/(-3)). Suppose -p*m + 12 = m. Let x(n) = n**3 - 2*n**2 - 3*n + 3. Give x(m).
3
Let n(d) = d**2 - 9*d - 4. Let u be n(9). Let b(j) = -j**3 - 6*j**2 - 7*j - 5. Calculate b(u).
-9
Let v(q) = -q**2 - 3*q - 4. Let o = 22 + -13. Let w = o - 13. Determine v(w).
-8
Suppose 3*y - 4 = -y + 4*b, y + 5*b - 7 = 0. Let i(a) be the second derivative of 1/3*a**3 + 0 - a**y - 2*a. Calculate i(4).
6
Let r(t) = 65*t + 3. Let f(j) = 21*j + 1. Let b(l) = -7*f(l) + 2*r(l). Calculate b(1).
-18
Let c(x) = 9*x**3 - x**2 - x. Let r = 48 + -49. Give c(r).
-9
Let x(h) = 3*h + 8*h**2 + h**3 + 0*h - 4*h**2. Suppose -8*f + 2 = 18. Determine x(f).
2
Let k be (-12)/15*45/(-2). Suppose o - 7 = 4*f, 3*f - 7*o + 2*o = -k. Let x(a) = 9*a. Determine x(f).
-9
Let p(s) = s**3 + 5*s**2 - 7. Let k = -8 - -16. Let x = 9 - k. Suppose -z - 4 = x. What is p(z)?
-7
Suppose -3*x = -2*x - 1. Suppose 2*z = 4*z - 12. Let j be x*10*(-3)/z. Let n(i) = i + 6. What is n(j)?
1
Let n(p) = -p**2 + 3*p - 3. Suppose 3*t + 2 = -2*k + 13, -t - 13 = -k. Suppose 5*l = -5*r - k, 4*r = 3*l + r - 24. Calculate n(l).
-3
Let s(a) be the third derivative of a**4/24 - 4*a**2. Let v be s(-3). Let t(y) be the first derivative of -y**4/4 - 4*y**3/3 - 3*y**2/2 + 3*y - 2. Give t(v).
3
Let y = 22 + -29. Let u(s) = s**3 + 6*s**2 - 10*s - 7. What is u(y)?
14
Let c(k) = -7*k**2 + k**2 + 1 + 0*k**2. Suppose 0 = 2*v + 214 - 216. Give c(v).
-5
Let g(l) = -l**3 + l**2 + l + 8. Suppose 10 = -2*z, 2*j + 16 = -3*z + 1. Give g(j).
8
Let k(p) be the third derivative of 7*p**6/360 - p**4/3 + 7*p**2. Let t(h) be the second derivative of k(h). Calculate t(-1).
-14
Let p(i) = -i**2 - 6*i - 4. Suppose -6*q = -q + 25. Give p(q).
1
Let x(s) = s**3 - 6*s**2 + 5*s - 6. Let a(g) = -g**3 - 4*g**2 + 5. Let k = -4 - 0. Let q be a(k). Give x(q).
-6
Suppose 8 = 3*d + 32. Let u be (-86)/10 + d/20. Let z(n) = n + 8. Let g(b) = 2. Let m(t) = u*g(t) + 2*z(t). Calculate m(-3).
-8
Let d be (-3)/6*(-7 - -1). Let k(b) = 5*b - b - 2 - d - 5*b. What is k(5)?
-10
Suppose -4*l + o = -18, 3*o - 1 = l - 0*l. Suppose t - 3*f + 2 = 3, 4*t + l = 3*f. Let a(s) = -3*s**2 + 2*s + 1. Determine a(t).
-15
Let z(v) = -1 - 4 + 2 - 3*v. Let i(j) = 2*j - 13. Let m be i(5). Determine z(m).
6
Let l(k) = -3*k + 15. Let m(b) = 5*b - 23. Let j(r) = 8*l(r) + 5*m(r). Give j(-4).
1
Let z(a) = a**3 + 3*a**2 - 7*a - 5. Suppose 2*g + 5*t - 20 = -g, -t = -2*g + 22. Let o = 6 - g. What is z(o)?
7
Let i(v) = v**2 + 2*v - 7. Suppose 7*j = 2*j - 30. Give i(j).
17
Suppose 0 = -3*x - v + 8, 2*x - 3*x + 5*v = 8. Let c(i) = -2*i**2 - 3*i + 3. Let b(n) = -3*n**2 - 6*n + 6. Let z(p) = 4*b(p) - 7*c(p). What is z(x)?
5
Suppose -5 + 2 = -b. Suppose -10 = -d + b*d. Let z(u) = -u**2 - 7*u - 5. Calculate z(d).
5
Let c(i) = 0 + 4 + 4*i + 8*i**2 - 3*i + i**3. Give c(-8).
-4
Let o(x) = -x**2 - 6*x - 3. Suppose 5*n = 3*n - 12. Suppose 4*d + 5 = -7. Let l = n - d. What is o(l)?
6
Let y be 1/(2/((-4)/(-2))). Suppose -y = a + 3. Let n(m) = 5*m**2 + 8*m - 1. Let f(g) = -14*g**2 - 23*g + 3. Let h(s) = 3*f(s) + 8*n(s). Calculate h(a).
-11
Let n be (3*1)/(3/(-6)). Let y(s) = -s - 3. Let l be y(n). Let w = l + -4. Let p(o) = 13*o**2 - 1. Calculate p(w).
12
Let i be (-2 - (0 - 1)) + 1. Let u(v) be the second derivative of v**4/12 - v**3/6 + 3*v**2/2 - 3*v. Determine u(i).
3
Let a(x) = -x + 5 + 5*x - 5*x. Suppose 3*n - 4*n = -5. Determine a(n).
0
Let o(q) = 3*q**2 + 3*q**2 - 2*q + 2 - 3*q**2 - 4. Give o(-2).
14
Let n(j) = 9*j + 3. Let s(z) = -5*z - 2. Let o(b) = -4*n(b) - 7*s(b). Give o(6).
-4
Let t be 3/2 + (-13)/26. Let o(y) = -5 + 2 + 2*y**2 - 5*y**3 + 2*y + 2 - 3*y**2. Determine o(t).
-5
Let h(k) = 2*k - 5. Let f(l) = -3*l + 11. Let b(t) = 3*f(t) + 5*h(t). Give b(-7).
1
Let j(l) = 0*l**2 - 106*l + 108*l + 0*l**2 - l**2. What is j(4)?
-8
Let g(j) = -5*j**2 + 6*j + 2. Let b(k) = 4*k**2 - 5*k - 1. Let l(x) = -6*b(x) - 5*g(x). Let a(d) = d**2 - d - 3. Let h(q) = -3*a(q) + 4*l(q). Determine h(-5).
3
Let m(i) = -3*i**2 + 20*i - 7. Let v be m(6). Let y(k) = 2*k - 7. Give y(v).
3
Let y(c) = c**3 + 7*c**2 + 7*c + 4. Let x(r) = r**3 + 7*r**2 + 6*r + 4. Let b(k) = -3*x(k) + 2*y(k). Give b(-6).
-16
Let q(m) = 15 + 3*m - 14 + 6*m**2 - m. What is q(-1)?
5
Let l(x) = x**3 + 6*x**2 + 2*x - 3. Let k(g) = -g**2 + 3*g - 1. Let f be k(4). What is l(f)?
12
Let p(k) = -3 - 4*k + 0 + 5 + 0*k. Suppose -2*o - o - 2*c = -4, 0 = -5*o - 5*c + 5. What is p(o)?
-6
Let i(p) = p**3 + 7*p**2 + 8*p + 5. Suppose 2*o - 3 = -1. Let m be ((-18)/(-15))/o*-5. Determine i(m).
-7
Let h(s) = -s. Let z = 1 - -1. Suppose z*c = 4*c - 10. Give h(c).
-5
Let d = -3 + 4. Let c(g) be the second derivative of -g**5/20 - g**4/12 + g**2/2 + 32*g + 3. What is c(d)?
-1
Let f(x) = -x**2 + 6*x + 7. Let r = 7 - 0. Calculate f(r).
0
Let c(p) = p**2 - p. Let w(b) = -3*b**2 + 1. Let o(k) = 2*c(k) + w(k). What is o(-4)?
-7
Let t(w) be the first derivative of -w**4/4 + w**3 + 7*w**2/2 - 5*w + 20. Give t(4).
7
Let m(z) be the second derivative of z**4/12 + 2*z**3/3 - 3*z**2 + 5*z. Give m(-5).
-1
Let f(t) be the second derivative of t**5/20 - t**4/3 + t**3/2 + 3*t**2/2 - 2*t. Suppose 3*u = -0 + 18. Suppose -u*a + 15 = -a. Give f(a).
3
Suppose -2 - 4 = f. Let x(b) = 6*b**3 - 2*b**2 + 10*b + 7. Let u(q) = -5*q**3 + 2*q**2 - 9*q - 6. Let w(v) = f*x(v) - 7*u(v). Calculate w(2).
-10
Suppose u - 1 = -q + 2, -2*q = -4*u. Let r(p) = p. What is r(q)?
2
Let r(d) = d**2 - 4*d + 1. Let v(q) = -3*q**2 + 11*q - 3. Let p(h) = -7*r(h) - 2*v(h). Determine p(5).
4
Let o(d) be the first derivative of 0*d**4 - 1 - d**2 + 0*d + 0*d**3 + 1/60*d**5. Let h(v) be the second derivative of o(v). Give h(-2).
4
Let d(h) be the first derivative of -h**4/12 - 5*h**2/2 - h - 1. Let o(n) be the first derivative of d(n). What is o(0)?
-5
Let b(x) = -2*x - 12. Let c be b(-7). Suppose 2 + 0 = c*k. Let n(i) = -7*i**2. Determine n(k).
-7
Let t = 12 - 18. Let f = t + 5. Let g(p) = p**3 + p**2 + p. Give g(f).
-1
Let p(f) = 2*f. Let q(x) = -x**3 - 6*x**2 + x + 3. Let d be q(-6). Determine p(d).
-6
Let y(w) be the third derivative of -w**5/60 + 5*w**4/12 - 2*w**3 + 13*w**2. Give y(8).
4
Let i(j) be the second derivative of -j**5/20 - 2*j**4/3 - j**3 + 9*j**2/2 - 39*j. Give i(-7).
2
Let k(g) = g**3 - g**2 + g + 1. Suppose -3*i = -i. Give k(i).
1
Let s(u) = -u**3 - u**2 + u. Let j = -21 - -22. Determine s(j).
-1
Let d(l) = -l**3 + 3*l**2 + 3*l. Suppose -3*j = -x + 9, -2*x + 3*j = 3 - 18. Let q = -17 + 29. Suppose 3*y - 20 = -2*u, u = x*y - 2*y - q. Give d(y).
-4
Let z(f) = -5*f - 7. Suppose -18 = 3*r - 3*q, 12 = -2*r + 3*q + 2*q. Calculate z(r).
23
Let b(i) = 2*i**2 + i**2 - 4*i**3 - 2*i**2 + 3*i**3 - i. Calculate b(0).
0
Let o(d) = d + 3. Let c(t) = -2*t**2 - t + 1. Let l be c(-2). Determine o(l).
-2
Suppose 3 - 7 = u. Let a be (-57)/(-18) - u/(-24). Let q(h) = -h**2 + 2*h + 1. Give q(a).
-2
Let z(o) = 4*o - 3 - 7 + 6. Determine z(3).
8
Let y(g) = -g**2 - 3*g - 1. Let u(w) = -2*w**2 - 5*w - 2. Suppose -5*p - 3*k = 39, k + 10 = -p + 1. Let b(l) = p*u(l) + 11*y(l). Calculate b(3).
1
Let d(j) = j. Let t(h) = -6*h - 17. Let f(c) = 4*d(c) + t(c). Let i(g) = 3*g + 25. Let k(w) = -7*f(w) - 5*i(w). Calculate k(0).
-6
Let g(h) = 1 + 1 + 1 - 8*h + 7*h. Give g(-8).
11
Let l(d) = d**2 - 5*d + 1. Suppose 2*y + 10 = 0, -6*n - 3*y = -3*n + 45. Let h be (0 + 2)/((-4)/n). Give l(h).
1
Let h(t) = t**3 - 5*t**2 - 5*t - 6. Let y(w) = -w**2 + 22*w - 15. Let f be y(21). Give h(f).
0
Let j(v) = 2*v + 10. Let w be j(-7). Let r = w + 9. Let s(u) = u + 1. Calculate s(r).
6
Let r(v) be the first derivative of -v**2/2 + 12*v - 1. What is r